 -15). Let l(h) = c*w(h) + 3*s(h). Give l(-10).
-17
Suppose 3 = 3*k - 21. Let b(n) = 10*n**2 - 28*n + 41. Let i(g) = -3*g - 30*g + 24*g + 13 + 3*g**2. Let a(q) = 2*b(q) - 7*i(q). Give a(k).
-17
Let z = -33 - -37. Suppose -z*t - 13 = -1. Let v be (-6 - t)*(0 - 1). Let h(d) = 2*d + 4. What is h(v)?
10
Let x be (2 - -7) + (-6 - 0) + 0. Let o(w) = 7*w + w**3 - 5*w + 4 + 3*w**2 + x - 2*w. Determine o(-5).
-43
Suppose 0 = 3*k - 2*q - 205, -2*k - 37 + 173 = -q. Let m = k - 72. Let l(p) be the second derivative of -p**3/6 - 5*p**2/2 - 9*p. Give l(m).
0
Suppose -4*x - 3*g + 76 = 107, 4*g = -2*x - 28. Let i(p) = 4*p**2 + 9*p + 4. What is i(x)?
32
Suppose 0 = -32*w + 11*w + 12*w - 63. Let d(a) = 2*a**3 + 13*a**2 - 3*a + 9. Give d(w).
-19
Let l(q) = -49382314*q + 24691157*q + 24691159*q - 9. Let d(u) = -u**3 - 11*u**2 + 9. Let s be d(-11). Determine l(s).
9
Let g(j) = j + 16 - 5 + 0*j. Suppose 3*o - 1174*z - 6 = -1177*z, 5*z = 40. Give g(o).
5
Let h(k) be the third derivative of -k**5/20 - k**4/4 - 7*k**3/6 + 2*k**2 - 32*k. Let a(r) = -2*r**2 - 4*r - 4. Let p(w) = -8*a(w) + 5*h(w). Give p(4).
21
Let o be ((72/3)/2)/((-285)/190). Let v(b) be the second derivative of -2*b**3/3 - 3*b**2/2 - 2*b. Calculate v(o).
29
Let f(z) be the third derivative of -z**6/120 + z**5/4 - 3*z**4/2 + 8*z**3/3 + 1555*z**2 + z. What is f(12)?
16
Let u(r) = -r**3 - 4*r**2 - 1. Let m be (36/(-18))/((-14)/(-6) + -3). Let z be ((-108)/(-135))/(32/(-10) + m). What is u(z)?
-1
Suppose -8*j + 0*j + 56 = 0. Suppose -j*o = -12*o + 15. Let a(i) = -4*i - 6. Let d(w) = 9*w + 14. Let g(n) = o*d(n) + 7*a(n). What is g(6)?
-6
Let b(m) = -m**2 + 4*m + 36. Let y be (105/(-21))/((-5)/8). Give b(y).
4
Let k(q) = 11*q**2 - 1. Let r(l) = l**3 - l**2 + 10882 + l - 10882. Let m be r(1). Determine k(m).
10
Let p(c) = 17*c**2 - 38*c + 99. Let j(l) = -6*l**2 + 13*l - 34. Let x(b) = 11*j(b) + 4*p(b). Calculate x(8).
78
Let f = -1096445 + 1096432. Suppose 7 = 5*o - 3. Let s(v) = 17*v**2 - v - 10 - 5*v**o - 13*v + v**3. What is s(f)?
3
Let o(m) = -13*m + 1. Let y(a) = -2*a**2 + 5*a. Let x be y(4). Let v = 75 + x. Let g be 45/v - 4/(-14). Determine o(g).
-12
Let q(r) = -3*r**2 - 7*r + 12. Suppose -p = 2*z + 7, 4*z + 12 - 8 = 0. Determine q(p).
-28
Let n be (92 - 92)*((-2)/4 + 1). Let w(h) = h**2 + h + 1. Let i(t) = -1 + 3*t - 2 - t**3 + t**2 + 9. Let q(o) = i(o) - 2*w(o). Calculate q(n).
4
Let z(m) = 3*m + 1. Suppose -5*r + 17 = 2*g - 6*g, 3*g + 5*r - 31 = 0. Suppose -3*q + 10 + 22 = g*d, -q + 18 = -3*d. Suppose -2*p + q = -5*p. Calculate z(p).
-11
Suppose 64 = -i + 5*i. Let c(k) be the first derivative of -k**3/3 + 15*k**2/2 + 16*k + 22. Calculate c(i).
0
Let u(h) = h**2. Suppose 0 = 10*j - 53 + 3. Suppose 4*v - 32 = -j*l, 5*l + 0*l - 35 = -5*v. Determine u(l).
16
Let m(y) = y**2 - 2*y - 1. Let a be m(-1). Let s(q) = -13*q**2 + 3 + 12*q**a - 3*q + 0 + q**3. Suppose 4*n - 5*d = -2, 3*d = 5*n - 3 - 1. Calculate s(n).
1
Let p(w) = -2*w. Let s(k) = k**2 + 5*k + 6. Let l be s(-5). Suppose 8 = l*m - 4. Suppose f = 3*f - m. Give p(f).
-2
Let f(b) = 9*b**2 - 19*b + 514. Let s(j) = -3*j**2 + 6*j - 170. Let w(k) = 6*f(k) + 17*s(k). Let q(m) be the first derivative of w(m). Calculate q(2).
0
Let b(g) = -g**3 + 10*g**2 - 13*g + 9. Let z(w) = -w**3 - w**2 + 2*w - 3. Let o be z(-3). Let u be b(o). Let l = 33 + u. Let p(f) = -f + 5. What is p(l)?
-1
Let l(w) be the first derivative of 153 - w**2 + 1/2*w**4 + w - 1/3*w**3. What is l(2)?
9
Let w(a) = -13*a**3 - 4*a**2 + 3*a + 23. Let l(j) = -35*j**3 - 10*j**2 + 9*j + 68. Let s(o) = 3*l(o) - 8*w(o). Give s(0).
20
Let l(q) be the first derivative of -q**5/120 + q**4/2 - 38*q**3/3 + q**2/2 - 3. Let v(s) be the third derivative of l(s). Calculate v(9).
3
Let y(o) be the second derivative of -13*o**4/12 - 11*o**3/6 + 5*o**2 - 2*o + 17. Let x(k) = 2*k**2 + k. Let i(q) = -6*x(q) - y(q). Determine i(-8).
14
Suppose -12 = -i - 7, 4*i + 165 = -o. Let m = o + 195. Let x(l) = -l**3 + 10*l**2 + 9. What is x(m)?
9
Let u(y) be the first derivative of 7*y**3/3 + y**2 + 2*y + 59. Let z(h) = -2*h**2 - 2*h + 1. Let x(n) = u(n) + 3*z(n). Calculate x(-4).
37
Let o be 44/11*2/(-1 + (-20)/(-4)). Let m(c) be the second derivative of -1/3*c**3 - 1/2*c**o + 0 + 21*c. Give m(-3).
5
Let m(i) be the third derivative of -28*i**2 + 0*i**3 + 1/10*i**5 + 1/6*i**4 + 0*i - 1/360*i**6 + 0. Let u(k) be the second derivative of m(k). Calculate u(8).
-4
Let h(a) = 33*a**2 + 19*a - 43. Let v(n) = -82*n**2 - 38*n + 83. Let u(l) = -5*h(l) - 2*v(l). Determine u(-21).
7
Let n(r) = -r**3 - 2*r**2 - 4*r - 6. Let p(b) = 73*b - 3*b**2 - 35*b - 12 - 47*b - 3*b**3. Let z(j) = 5*n(j) - 2*p(j). Give z(5).
9
Suppose 0 = 3*p - 0*p - 6. Suppose 2 = -p*m - 4. Let r(o) = o**2 - o. Let h(i) = -5*i**2 + i - 1. Let f(s) = h(s) + 3*r(s). Give f(m).
-13
Let a(v) = 3 + 3*v + 3 + v**2 - 7. Let o be 0 + 0 - (-11 + -2 - 7). Suppose 5*j + 5*x + o = 0, 3*j + 4*x + 11 = -2. Calculate a(j).
-1
Let n(u) be the second derivative of -u**5/20 + 7*u**4/12 - 4*u**3/3 + 15*u**2/2 + 13*u. Let g be n(6). Let m(f) = 1 + 7*f - g*f + f**2 - 1 - 4. What is m(-6)?
8
Let o(w) = 197 - 143 - 49 + w + 97*w**2 - 96*w**2. Suppose 17 = 5*i + v, -3*v = 4*i + v - 20. Give o(i).
17
Let d = 3016 + -3024. Let t(h) = h + 24. Determine t(d).
16
Let f(j) = 33760*j**2 + 20*j + j**3 + 4 + 33770*j**2 - 67540*j**2. Determine f(7).
-3
Let z(w) = 2*w**2 - 23*w + 33*w + 77 - w**2 - 14*w - 19*w. What is z(19)?
1
Let a(h) = 168 + 160 + 170 - 644 + 166 + 7*h. What is a(-4)?
-8
Let v(y) = -38*y - 476. Let k be v(-5). Let t = k + 288. Let g(u) = -u**2 + 3*u - 3. Determine g(t).
-1
Let g(u) = -u**3 - 10*u**2 - 19*u + 4. Suppose -v + 15 = 12*v + 106. What is g(v)?
-10
Let y(c) = c**3 + 9*c**2 + 21*c + 17. Let h = -2154 - -2148. Calculate y(h).
-1
Let c(h) be the third derivative of -h**6/120 + 7*h**5/60 + 13*h**4/8 - 241*h**3/6 - 53*h**2 + h. Calculate c(5).
4
Suppose 2*x + 2*s - 28 = 0, 60 = -9*x + 14*x + 3*s. Let p(f) = 6*f**2 - 36*f + x + 10*f + 28*f + f**3. Determine p(-6).
-3
Let u(f) = -f**2 + 1. Let l = 37 - 35. Suppose -2*p = -3*q - 0*p - 94, -l*q - 31 = 5*p. Let i = -26 - q. Determine u(i).
-3
Suppose -933*h + 995*h = -434. Let t(f) = 5*f + 7. What is t(h)?
-28
Suppose 3*k - 6 = 4*p + 5, -k + 7 = 2*p. Suppose -w = k*l, 3*w - 8*w = 0. Suppose l = -5*o - 7 - 3. Let j(y) = -y - 2. What is j(o)?
0
Suppose 5*s + 3*s = 48. Let g(k) = 7*k - k - s*k - k. Give g(3).
-3
Let i(x) be the first derivative of -6*x**2 + 213*x - 10408. Calculate i(18).
-3
Let y(x) be the second derivative of -x**5/20 + 5*x**4/12 - 5*x**3/3 + 3*x**2 - 2*x + 1514. Give y(5).
-44
Let x(u) = -22*u - 1668. Let m be x(-76). Let h(i) be the second derivative of 1/12*i**m + 0 + 13*i - 3/2*i**2 + i**3. Give h(-7).
4
Let b be 5*(3 + -2) - 8. Let s = 17 + -14. Let d(j) = -s*j + 3 - 36*j**2 + 7*j + 75*j**2 - 38*j**2. Give d(b).
0
Let o = 2979 + -2979. Let t(d) be the third derivative of 3/8*d**4 + 0 + 2*d**2 + 1/60*d**5 + 2/3*d**3 + o*d. Give t(-8).
-4
Let k(b) = b**3 + 8*b**2 - 19*b - 48. Let r be k(3). Let d(m) = -m**3 - 8*m**2 - 5*m + 38. Determine d(r).
-4
Let l(g) = g**3 + 5*g**2 - 2*g + 15. Suppose -4*j = -2*m - 28, -124*j = 2*m - 123*j + 8. What is l(m)?
-9
Let n(b) = 65*b**2 - 20*b + 84. Let k(m) = -49*m**2 + 21*m - 84. Let v(q) = -4*k(q) - 3*n(q). What is v(20)?
4
Let l(h) = -h**3 - 4*h**2 - 3*h + 3. Let u be ((-21)/35)/(3/(-105)). Suppose -2*f - u + 13 = 0. Calculate l(f).
15
Let c(l) = -l**2 + 13*l - 36. Let q be c(5). Let h be q/(-4) - (1 - -1). Let s(v) = -6*v - 9. Let x be s(h). Let o(i) = -i**3 + 8*i**2 + 9*i + 7. What is o(x)?
7
Let t(o) be the second derivative of -o**6/120 - o**5/15 + 7*o**4/24 - o**3/6 - 75*o**2/2 - 54*o. Let r(j) be the first derivative of t(j). Give r(-6).
29
Suppose 3*d + c + 24 = 6*d, 0 = c - 3. Let n(h) = -1 - 5 - 2*h**2 - 3*h + 2 + 10*h**3 - d*h**3. Determine n(4).
16
Let n be (8/((-160)/(-25)))/(-1)*-20. Let a(w) = -n - 5*w - 2*w - w**2 + 77 - 23 - 22. Calculate a(-7).
7
Suppose 4*x = 4*u, -3*u - 7*x = -3*x - 35. Let w(f) = -f + 3 + 2*f - 2*f**3 + 5*f + 4*f**2 + f**3. Determine w(u).
8
Suppose 7*b = 104 + 36. Let n(q) = 21*q**2 + q + b*q**2 - 36*q**2 - 4 + q**3. What is n(-5)?
-9
Let o be (-4*(-10)/(-20))/(10/(-15)) - 4. Let f(y) = -24*y + 3. Calculate f(o).
27
Let f(g) = -